{"id":15,"date":"2019-10-30T10:04:19","date_gmt":"2019-10-30T09:04:19","guid":{"rendered":"https:\/\/madast.com\/?page_id=15"},"modified":"2019-10-30T12:09:07","modified_gmt":"2019-10-30T11:09:07","slug":"que-es-madast","status":"publish","type":"page","link":"https:\/\/madast.com\/index.php\/que-es-madast\/","title":{"rendered":"Que es Madast"},"content":{"rendered":"<div class=\"clearfix entry-content\">\n<p>Madast Motorsport nace como un sitio donde ir poniendo mis progresos con las chapucillas y cosas que les voy a ir haciendo a mis coches. No soy ni de lejos ning\u00fan profesional ni entendido en el tema pero sin embargo si que soy un tipo relativamente despistado para seg\u00fan que cosas as\u00ed que la idea de tener todo a mano en un sitio web me parece bastante buena.<\/p>\n<p>Si es que alguien consigue llegar a este rinc\u00f3n perdido de internet seguramente se encuentre con cosas que se pueden hacer mejor de lo que las hago. La verdad es que soy consciente de ello, esto para m\u00ed es un hobby y como tal, lo hago por entretenerme y no espero ganar nada con ello m\u00e1s all\u00e1 de mi propia satisfacci\u00f3n personal \ud83d\ude42. Si este fuera tu caso, no dudes en dejar un comentario para as\u00ed poder mejorar en lo que hago.<\/p>\n<p>Dicho esto, si has terminado aqu\u00ed, se bienvenido y\u2026 \u00a1disfruta del\u00a0sitio!<\/p>\n<\/div>\n","protected":false},"excerpt":{"rendered":"<p>Madast Motorsport nace como un sitio donde ir poniendo mis progresos con las chapucillas y cosas que les voy a ir haciendo a mis coches. No soy ni de lejos ning\u00fan profesional ni entendido en el tema pero sin embargo&hellip; <a href=\"https:\/\/madast.com\/index.php\/que-es-madast\/\" class=\"more-link\">Continuar leyendo <span class=\"meta-nav\">&rarr;<\/span><\/a><\/p>\n","protected":false},"author":1,"featured_media":0,"parent":0,"menu_order":0,"comment_status":"closed","ping_status":"closed","template":"","meta":{"footnotes":""},"class_list":["post-15","page","type-page","status-publish","hentry"],"jetpack-related-posts":[],"jetpack_sharing_enabled":true,"_links":{"self":[{"href":"https:\/\/madast.com\/index.php\/wp-json\/wp\/v2\/pages\/15","targetHints":{"allow":["GET"]}}],"collection":[{"href":"https:\/\/madast.com\/index.php\/wp-json\/wp\/v2\/pages"}],"about":[{"href":"https:\/\/madast.com\/index.php\/wp-json\/wp\/v2\/types\/page"}],"author":[{"embeddable":true,"href":"https:\/\/madast.com\/index.php\/wp-json\/wp\/v2\/users\/1"}],"replies":[{"embeddable":true,"href":"https:\/\/madast.com\/index.php\/wp-json\/wp\/v2\/comments?post=15"}],"version-history":[{"count":2,"href":"https:\/\/madast.com\/index.php\/wp-json\/wp\/v2\/pages\/15\/revisions"}],"predecessor-version":[{"id":81,"href":"https:\/\/madast.com\/index.php\/wp-json\/wp\/v2\/pages\/15\/revisions\/81"}],"wp:attachment":[{"href":"https:\/\/madast.com\/index.php\/wp-json\/wp\/v2\/media?parent=15"}],"curies":[{"name":"wp","href":"https:\/\/api.w.org\/{rel}","templated":true}]}}